k - 3 = -p. Let a(n) = -n. Let l(g) = 3*g + 9. Let v(j) = -a(j) - l(j). Give v(k).
3
Suppose 4*m = 5*m + 12. Let p(a) = -a**3 - 12*a**2 - 14. Let r be p(m). Let y = -19 - r. Let z(l) = -l + 1. Give z(y).
6
Suppose 0 = -3*c + 27 + 18. Suppose -m + 4*m = c. Let j(g) be the second derivative of g**3/6 - 2*g. What is j(m)?
5
Let x(k) = -k + 15. Let p be x(13). Let v(t) = -t**2 + 0*t**p + 1 + 2*t**2 + 5*t + 3. Suppose -3*y = 2*y + 4*s + 9, -5*s = -20. Calculate v(y).
4
Let w(k) = 28*k - 69*k + 20*k + 9*k**2 - k**3 - 10 + 16*k. What is w(8)?
14
Let k(x) = -x**3 - x**2 + 2*x + 16. Let n be 2/(-18) - (-2)/18. Give k(n).
16
Let g(s) = s**2 - 10. Let t = 488 - 484. What is g(t)?
6
Let a(y) = 14*y**2 + 17*y + 1. Let u(x) = 5*x**2 + 6*x. Let p(h) = -4*a(h) + 11*u(h). Calculate p(-3).
-7
Let i(c) = -2*c**3 - 7*c**2 - 4*c - 9. Let y be i(-3). Let x(s) = s**2 + 8*s + 5. Determine x(y).
-7
Let v be 2 - (5 - 7) - -2. Let c(z) = -2*z - 2*z + z + 2 + z. Calculate c(v).
-10
Let o be (-16)/24 - (-2)/(-6). Let a(z) = -6*z + 3. Let l(d) = 15 - 6 - 8. Let q(f) = a(f) - 2*l(f). Calculate q(o).
7
Let d = -4 + 8. Suppose -3*p = d*g - 19, 2*p = g + g + 8. Suppose p*s = -5 + 25. Let o(v) = -v**3 + 3*v**2 + v + 3. What is o(s)?
-9
Let i be -1 + 2 + -1 + 0. Suppose 2*a - 51 = 3*c, 5*a = 3*c - 0*c + 114. Suppose -8 = 5*b - b - 3*z, i = -b - 4*z - a. Let f(j) = -3*j - 3. Calculate f(b).
12
Let g = -68 - -71. Let b(s) = s**2 + 13*s + g - 2 - 13*s - s**3. Calculate b(0).
1
Let a(f) = f**2 - 14*f - 3. Let z(v) = 5*v + 59. Let g be z(-9). Determine a(g).
-3
Let z(h) = -h**3 + 2*h**2 + h - 2. Let p = -618 - -620. Give z(p).
0
Suppose 25 = -8*m + 13*m. Let x(q) = -q**2 + 3. Let z be x(-3). Let r(o) = -6*o + 2. Let i(y) = -5*y + 1. Let g(a) = z*r(a) + 7*i(a). Calculate g(m).
0
Let a(o) be the second derivative of -o**5/4 - o**4/12 - o**3/6 + o**2/2 - 173*o. Calculate a(1).
-6
Suppose -2*j - j + 6 = 0. Suppose 3*v - 74 = 4*c + c, -j*v = c - 32. Let m = 13 - v. Let z(k) = k + 9. What is z(m)?
4
Let h be (-24)/(7/28 + 18/(-8)). Suppose 2*p - 3 = d - 12, -4*d - 4*p = -h. Let j(f) = -f**3 + 4*f**2 + 4*f + 1. What is j(d)?
-4
Let g(b) = -b**2 + 10*b + 17. Let l be g(11). Suppose -s + 3 = -3*s + i, s + l = 5*i. Let c(p) = 5*p**3 - 2*p**2 - p. Give c(s).
-6
Let i(x) = -24*x + 1. Suppose -70 = 2*s + 2*s - 5*h, 0 = 2*s - 5*h + 40. Let o be 2/6 - (-2 + (-50)/s). Give i(o).
25
Let x(v) = -8*v**3 + 26*v**2 + v + 6. Let l(w) = -3*w**3 + 9*w**2 + 2. Let f = 63 + -30. Let m = f - 22. Let d(q) = m*l(q) - 4*x(q). What is d(-4)?
-2
Let h(j) = j + 1. Let o(u) = u**2 + 5*u + 2. Suppose -18 = -5*k - k. Let q(p) = k*h(p) - o(p). Calculate q(-3).
-2
Let s be 15/9 - (-1 + 6/9). Let a = -1 - -5. Let o(f) = -4*f**3 + f**2 + 2*f + 2. Let x(i) = -5*i**3 + 3*i + 3. Let b(q) = a*o(q) - 3*x(q). What is b(s)?
5
Suppose -5*c + 8 = -c. Let k(p) = 70*p - 69*p + c*p**2 + p**2. Suppose -b - 4 + 3 = 0. Give k(b).
2
Let b(c) = -3*c**2 + 23*c + 46. Let a(d) = d**2 - 8*d - 16. Let f(r) = 17*a(r) + 6*b(r). Determine f(0).
4
Let k be (-22)/3*(-1 + (0 - 2)). Suppose 2*r + 5*w + k = 0, w + 8 + 18 = -4*r. Let p(q) = q**2 + 4*q - 8. Give p(r).
4
Let n(s) = -4*s**2 - 3*s - 3. Let q(p) = -5*p**2 - 4*p - 4. Let c(m) = 4*n(m) - 3*q(m). Suppose 12 = -u + 3*f, -f - 16 = -5*f. Calculate c(u).
0
Suppose 4*x - 3 = 33. Let f(q) = -2*q - 6*q - 2*q + x*q. Let k = -29 + 24. What is f(k)?
5
Let b = 6 - 4. Let m(j) = 26*j - 32*j + j**3 + 0 + 2 - 2*j**b. Let y be (0 + (-4)/6)*-6. Determine m(y).
10
Let j(o) = -20*o + 357*o**3 - 358*o**3 + 9*o**2 + 10*o**2 + 33. What is j(18)?
-3
Let p(s) be the second derivative of 0*s**2 + 1/20*s**5 + 1/2*s**4 + 0 + 1/2*s**3 - 33*s. Suppose r = 5*x + 12 + 9, 0 = r + 5*x + 29. Give p(r).
20
Let t = -4 + 49. Let g be 6/t + 232/60. Let u(d) = -2*d**2 + g*d**2 + 2*d**2 - 2*d**2. What is u(1)?
2
Let d(n) be the third derivative of n**6/120 - n**4/24 + 5*n**3/6 + 8*n**2 + 5*n. Calculate d(0).
5
Let h = -323 - -316. Let f(q) = -2*q - 8. Determine f(h).
6
Let p(k) = -k + 1. Let o be (-6)/7*140/(-30). Suppose 5*q - o*q - 1 = 0. Suppose -4 = -g + q. What is p(g)?
-4
Suppose -17 = -7*k + 18. Suppose 0 = 4*i - k*g + 19, 20 + 9 = -4*i - 5*g. Let x(v) = -v**3 - 6*v**2 + v - 3. What is x(i)?
-9
Let r(l) = -l**3 - 4*l**2 - 8*l - 7. Let y(u) = 14*u - 619. Let w be y(44). Give r(w).
8
Suppose -4*r + 8*r = -5*c + 12, c + 4*r = -4. Let g(k) be the first derivative of -c*k - 1/3*k**3 - 3/2*k**2 + 5. What is g(-4)?
-8
Let p(a) = -a**2 + 15*a + 79. Let x be p(19). Let o(k) be the first derivative of 2*k**x - k + 4 + 1/2*k**2. What is o(1)?
6
Let i(u) = 12*u**2 + 10*u + 1. Let j(a) = -7*a**2 - 6*a. Let c(f) = -3*i(f) - 5*j(f). Give c(-5).
-28
Let u(j) be the third derivative of -7/24*j**4 + 0*j + 0 - 1/60*j**5 - 3*j**2 + 1/2*j**3. Give u(-6).
9
Let u(o) = o. Suppose -w = 2*w - 9. Suppose 2*r + 16 = w*n + 45, 0 = -5*r + 4*n + 69. Suppose z = 5, 3*z + r - 36 = -4*c. What is u(c)?
2
Let z be ((-1)/1)/((-1)/(-2)). Let n(y) = -4*y**3 - 4*y**2 - 2*y - 18. Let o(r) = -r**3 - r**2 - 3. Let t(h) = -n(h) + 5*o(h). Determine t(z).
3
Suppose -3*v = -2*v - 10. Let c(p) = -9 - 6 - p + v. Let s = 10 - 15. Give c(s).
0
Let m(j) = 3*j + 10*j**2 + 10 - 11 - 4*j. Let h = 23 - 27. Let x(w) = -w**2 - 4*w - 1. Let c be x(h). Determine m(c).
10
Let f be 0/((-4)/(-8)*6). Suppose 5*v + 2*p = 14, -4*p = -f*p - 8. Let n(l) = l**3 - 2*l**2 + 2*l + 1. Give n(v).
5
Let w(h) = -h**3 + 4*h**2 + 7*h - 6. Let s(a) = -a**3 + 5*a**2 + 6*a - 6. Let m(f) = 5*s(f) - 4*w(f). Calculate m(9).
12
Suppose 2*u + 0*u = 0. Suppose u = 5*d - 15 - 5. Let h(n) = d*n - 2 - n - 1 + 0. Give h(-3).
-12
Let z(j) be the first derivative of -j**3/3 - 7*j**2/2 + 1. Suppose -32 = 4*p - v, -80*v = -83*v + 12. Calculate z(p).
0
Suppose -12 = 8*g + 68. Let u(n) = 1 - 4*n + 3 + n**2 + 3*n + 11*n. What is u(g)?
4
Let x(c) be the first derivative of -1/2*c**2 - 3 - c. Determine x(3).
-4
Let v(p) = 4*p + 3. Let l(n) = n**3 - 9*n**2 + 7*n + 2. Let w be l(8). Let d be 2/(-11) + w/(-33). Suppose -f + 10 - 12 = d. What is v(f)?
-5
Let g(r) = -8 - 156*r + 0 + 158*r. Give g(-7).
-22
Let j(i) = 2*i**2 + 6*i + 6. Let r(l) = -52*l + 204. Let u be r(4). Calculate j(u).
14
Let v(t) = -28*t - 2 - 22*t - 11*t + 3*t**2 + 58*t. Calculate v(3).
16
Let v(z) = 33*z**2 - 92*z + 46. Let k(u) = -8*u**2 + 22*u - 11. Let s(t) = 25*k(t) + 6*v(t). Calculate s(-3).
-11
Let g(r) = 2. Let u(j) = 2*j + 7. Let d(a) = -3*g(a) + u(a). Let c = 6 - 0. Let z = -9 + c. What is d(z)?
-5
Suppose -7*o + 3*o = 0. Suppose o = -5*x - 2*a - 16, -8*a = x - 4*a + 14. Let k be ((-4)/6)/(x/21). Let y(u) = u - 6. What is y(k)?
1
Let k(a) be the second derivative of -19*a**4/12 + a**3/6 + a**2/2 + 88*a. What is k(-1)?
-19
Let i = 258 - 260. Let m(r) = -2*r**2 + 3. What is m(i)?
-5
Let d(n) = 56*n + 225. Let o be d(-4). Let p(h) = 9*h**2. Determine p(o).
9
Suppose -42*g = 12 + 156. Let j(p) = -p**3 - 6*p**2 - 7*p - 5. Calculate j(g).
-9
Let i(z) = z**3 - 5*z**2 + 5*z - 3. Let j be (-43)/(1 + (0 - 2)). Let x = j - 39. Determine i(x).
1
Let t(d) = 3*d - 322 + 156 + 160. What is t(6)?
12
Let m be (-5 - -2)*2/3. Let y(u) = u + 6. Give y(m).
4
Let g(w) = w**2 - 13*w + 40. Let n be g(9). Let m(q) = q**3 - 6*q**2 + 5*q - 6. Determine m(n).
-18
Let l = -22 + 31. Let q be l/(-2)*12/9. Let t(n) = -n + 1. Give t(q).
7
Let c(b) = -2*b**2 - 28*b + 33. Let a be c(-15). Let d(k) = 14*k - a - 27*k + 16*k - k**2. Determine d(5).
-13
Let o(h) = 5*h - 6. Let x = -7 + 12. Let p(f) = 4*f - 5. Let v(d) = x*o(d) - 6*p(d). Let g = -7 + 8. Give v(g).
1
Let x(j) = 3*j + 4. Let f(u) = -5*u - 8. Let g(w) = -4*f(w) - 7*x(w). Calculate g(7).
-3
Let m(d) = d + 12. Let t be -7*(-2 - (-7)/((-14)/(-6))). Let w be (-166)/6 + (-1)/3. Let s be ((-5)/4)/(t/w). Give m(s).
7
Let u(z) = z + 3. Let v(s) = s + 5. Let k(l) = -3*u(l) + 2*v(l). Calculate k(1).
0
Let b = -29 - -28. Let q be b - -3*2/2. Let a(p) = -2*p + 2*p + 4*p. Determine a(q).
8
Let r(i) be the second derivative of 5*i**3/6 - 49*i**2/2 - 349*i. Give r(11).
6
Let z(s) = -8*s**2 - 14*s**3 + 32*s**3 + 12 - 6*s**3 - 2*s - 2*s - 11*s**3. Calculate z(8).
-20
Let y(x) = x + 4. Suppose -13*f = -58 - 111. What is y(f)?
17
Let r(m) = 2*m - 21. Suppose -p + 41 = 4*x, -2*x = 2*x + 5*p - 29. Calculate r(x).
1
Let c(v) = -v**3 + 10*v